ime factors of l(4).
2, 3
Let f = 11 - -61. Let a be (-1)/(-2)*(f/(-3) + 0). List the prime factors of (-1)/a*4*174.
2, 29
Let g(k) = -2*k**3 - 14*k**2 + 8. Let d be g(-13). Let x = 3525 - d. List the prime factors of x.
1489
Let u(d) = -1703*d - 197. List the prime factors of u(-1).
2, 3, 251
Let q(p) = 9*p**2 + 17*p - 121. What are the prime factors of q(27)?
6899
Let h = 61618 - 33946. What are the prime factors of h?
2, 3, 1153
Suppose 4 = -4*j + 560. Let f = -60 + j. Suppose -5*c + f = -96. List the prime factors of c.
5, 7
Suppose -5 + 3 = -z. Suppose -z*a = 3*d - 7, 2*a - 1 + 9 = 0. What are the prime factors of 75/(5/d) - (0 - -1)?
2, 37
What are the prime factors of 715754/50 + (-532)/6650?
5, 7, 409
Let h(n) = 4*n + 29. Let d be h(-6). Suppose 0 = -d*u + 131 - 31. List the prime factors of u + -18 - (-122 + -1).
5
Suppose -61358 = -15*l - 5824 + 41171. List the prime factors of l.
3, 7, 307
Let r = 214 - 206. List the prime factors of ((-9)/(-6))/(r/(53312/21)).
2, 7, 17
Let a(c) = -563*c - 2207. What are the prime factors of a(-24)?
5, 7, 17, 19
Let d = 8509 + -2447. What are the prime factors of d?
2, 7, 433
Let c be 2/11 - ((-108)/11 + 7). Suppose -5*u - 5*z + 245 = 0, 7*u - c*u + 3*z = 196. What are the prime factors of u?
7
Let x(s) = -101*s**2 + 15*s - 17. Let g be x(2). Let z = 51 - g. List the prime factors of z.
2, 13, 17
Suppose -33*i = -252 - 45. Let t(s) be the first derivative of -s**4/4 + 8*s**3/3 + 14*s**2 + 7*s + 1. List the prime factors of t(i).
2, 89
Suppose 0 = -7*p - 1059 - 2021. Let x = p + 728. What are the prime factors of x?
2, 3
Suppose 0 = -3*j - 4*d + 52650 + 3616, -18758 = -j - 4*d. Suppose -34*p + j = 1278. List the prime factors of p.
2, 257
Let w(y) be the third derivative of -11*y**4/24 - 5*y**3/2 - 12*y**2. What are the prime factors of w(-3)?
2, 3
Suppose -148*g - 241*g + 9185725 = 6*g. List the prime factors of g.
5, 4651
Let c(g) = 33*g - 158. Let j be c(42). Let y = -730 + j. List the prime factors of y.
2, 3, 83
Suppose 552*s - 5550464 = 131*s. What are the prime factors of s?
2, 103
Suppose -2860 = -17*j - 5*j. Suppose 6*g - j = 4*g + 4*p, 3*g + 4*p - 165 = 0. What are the prime factors of g?
59
Let s(a) = 1138*a - 813. What are the prime factors of s(4)?
3739
Suppose r + 0*x + 4 = 2*x, -4*r - 4*x + 44 = 0. Suppose -19 + 127 = -r*l. What are the prime factors of (6736/l - (-18)/81)/(-2)?
11, 17
Let b(n) = 2*n**3 + 16*n**2 + 2*n + 16. Let z be b(-8). Suppose -4*u + t + 444 = -4*t, -5*u + 2*t + 538 = z. List the prime factors of u.
2, 53
Let h(w) = 29*w**2 + w. Let b be h(1). What are the prime factors of (-2 - (-5)/((-20)/(-12)))*b?
2, 3, 5
Let c(r) = r + 9. Let m be c(11). Let o be (m/6)/(3 - 172/60). Suppose -v - o = -6*v, 244 = 3*l + 2*v. List the prime factors of l.
2, 3, 13
What are the prime factors of 3/((-1 - 30835/(-30830))*(-51)/(-119))?
2, 7, 3083
What are the prime factors of 17847/(-18)*(-114)/19?
3, 661
What are the prime factors of (2 + -5)*12/27 + (-481085)/(-33)?
3, 43, 113
Suppose -90248 = -53*t + 346525. List the prime factors of t.
3, 41, 67
Let m(i) = 6*i**3 - i**2 - 3*i + 4. Let f be 75/20 + 3/12. Let s be m(f). Suppose 5*t + 344 = 2*g + 2*g, s = 4*g - t. List the prime factors of g.
7, 13
Suppose 16588 = 4*k - 2*j - 26170, 2*j = -10. What are the prime factors of k?
10687
Suppose -211277*j - 200130 = -211283*j. List the prime factors of j.
5, 7, 953
Suppose 0 = 2*u - 24 + 16. Suppose 29*y = 30*y - u. List the prime factors of (y/(-14))/((-3)/1659).
2, 79
Suppose 5*l - 65 = g, -2*l - 3*g = 2*g + 1. Suppose -386 = -a - 3*i, -7*i = -l*i - 25. List the prime factors of a.
401
Let f = 571 - 571. Suppose f = -2*p + 1100 + 628. What are the prime factors of p?
2, 3
Let w be 2*66/12 - 6. Suppose w*f - 2973 = 327. What are the prime factors of f?
2, 3, 5, 11
Let l be 4 - (-1 - -1) - (-80)/1. Suppose -4*i - 4*s + 84 = -l, 5*i - s = 204. Suppose -i*o = -38*o - 450. List the prime factors of o.
2, 3, 5
Suppose k + 3*y = 1709, 5*k = 2*k + y + 5147. Suppose 9*h - 12*h + 2*j + k = 0, -3*h = 4*j - 1709. What are the prime factors of h?
571
Suppose 6 = 2*g - 6. Let z(c) = -16*c - 12*c**2 + 10*c - 9*c + 19*c**2. List the prime factors of z(g).
2, 3
Let s be 3*(-5)/15 - -911. Suppose -3*t - 397 = -5*t + 5*l, -5*t - 4*l + s = 0. List the prime factors of t.
2, 3, 31
Let v = 32 + -20. Suppose 0 = q + v - 153. What are the prime factors of -3*(-25)/45*q?
5, 47
Let q = -49 + 46. What are the prime factors of q - ((-39612)/84 - (-6)/(-14))?
7, 67
Suppose -p = -9*j + 13*j + 20, 0 = -p + 5*j + 25. Suppose 226*w - 218*w - 3912 = p. List the prime factors of w.
3, 163
Let d(y) = -4*y**3 - 6*y**2 + 3*y - 15. Let f = 496 + -503. List the prime factors of d(f).
2, 521
Suppose -7079607 = -321*u - 954285. What are the prime factors of u?
2, 7, 29, 47
Let j(m) = m**3 - 11*m**2 + 18*m - 6. Let y be j(5). List the prime factors of y/5*((-781)/22 - -3).
3, 11, 13
Let h(v) = -2*v**2 + 266*v**3 - 7 + 6 - 40*v + 43*v. What are the prime factors of h(1)?
2, 7, 19
Let d = 100 - 95. Suppose -4*r = -4*o + 1068, 2*r + 1330 = d*o - 2*r. What are the prime factors of o?
2, 131
Suppose -3*f = 177 + 1392. List the prime factors of 4 + 0/(-19) + (1 - f).
2, 3, 11
Suppose 5*c = 5*a - 76 - 159, 160 = 4*a + 3*c. Suppose 0 = -z + 73 + a. Suppose 3*u = 112 + z. What are the prime factors of u?
2, 19
Let y(n) be the first derivative of n**4/4 + 7*n**3/3 - 2*n**2 - 11*n + 19. List the prime factors of y(-7).
17
Suppose 0 = 7*o + 8*o - 15240. Suppose 3*s - 3*r - o = r, -3*r = -s + 347. Let j = s - 175. What are the prime factors of j?
157
Suppose -k = 3*b - 34, 7*b - 38 = 3*b - 5*k. Suppose -b*t = 34 - 94. Suppose 21 = o - 2*a, 0 = o - t*a + a - 11. What are the prime factors of o?
31
Suppose 0*g + 30 = g + 5*u, 0 = -3*g - 2*u + 25. Suppose -5*c + g*d = 172 - 1702, -5*c + 3*d + 1528 = 0. What are the prime factors of c?
5, 61
Let x be (501/3)/(49/(-7) + 8). Suppose 0 = 5*k + 2*a - 681, k + a = x - 29. What are the prime factors of k?
3, 5
Suppose -3*g = -s + 6518, -2*g + 2*s + 190 - 4538 = 0. Let k = -1216 - g. What are the prime factors of k?
2, 239
Suppose -4*a + 3*n + 92127 = 0, -358*a + 3*n = -362*a + 92145. What are the prime factors of a?
2, 3, 11, 349
Let y(u) = 34*u**2 - 61*u - 990. What are the prime factors of y(-21)?
3, 5, 1019
Let o(r) = -10310*r + 86. List the prime factors of o(-2).
2, 3, 7, 17, 29
Suppose 0 = -v - 4*v. Suppose v = 2*t - 5*t - 171. What are the prime factors of (102/(-5))/(t/190)?
2, 17
Let l be (8/(-10)*81)/(6/20). List the prime factors of 69232/54 + 16/l.
2, 641
Let c = 66507 + -36667. What are the prime factors of c?
2, 5, 373
Let g(o) = 2*o + 21. Suppose a - 2*a - 9 = -2*q, -5*q + 2*a + 22 = 0. Let d be 2/q - (-140)/40. What are the prime factors of g(d)?
29
Suppose 0 = -5*p - 0*p + 4*m + 183746, -4*p - 3*m + 146972 = 0. What are the prime factors of p?
2, 19, 967
Let d = -7 - 0. Let t = d - -9. Suppose t*s = s + 40. What are the prime factors of s?
2, 5
Let t(h) = -23*h - 13. Let g be t(-8). Let r = -318 + 217. Let j = g + r. List the prime factors of j.
2, 5, 7
Let p(u) be the first derivative of -15*u**2 + 80*u - 41. What are the prime factors of p(-5)?
2, 5, 23
Suppose 18*c + 46*c = 4302 + 184754. List the prime factors of c.
2, 7, 211
Let g(o) = o + 33. Let r be g(15). Let s be ((-15)/(-4) + -3)*r. Suppose -5*v - 2*p = -535, 5*v + s = -4*p + 561. List the prime factors of v.
109
Suppose 3*r - 607 = -f, 0*r = 5*r - 3*f - 993. List the prime factors of (-1)/(-6 + 3)*r.
67
Suppose 0 = -2*w - r + 122, w + 5*r + 3 - 64 = 0. Suppose 20 = 4*h, s - w = 3*s + h. What are the prime factors of (-345)/4*88/s?
2, 5, 23
Suppose 0 = -14*t - 5*t - 21*t + 177560. List the prime factors of t.
23, 193
Let s = -24995 + 62286. List the prime factors of s.
89, 419
Suppose 0*t + 3*t - 15 = -x, 5*t + 5*x = 35. Let j be (-6)/(-6 + t) + -49. Let g = j + 66. List the prime factors of g.
2, 5
Let i = 36 - 108. Let o be (-12)/(-30) + (-276)/15. List the prime factors of (-9200)/i - 4/o.
2
Suppose -3*x - 16 = 5*x. Let d be 612/4 + x + -2. List the prime factors of d/2 - ((-36)/8)/9.
3, 5
Let a(r) = -2*r**2 + 19*r - 33. Let k be a(7). Suppose 1903 - 95 = k*n. What are the prime factors of n?
2, 113
Suppose 4*o - 5*